{"id":2,"date":"2025-01-20T14:58:06","date_gmt":"2025-01-20T14:58:06","guid":{"rendered":"https:\/\/www.aldulfin.de\/?page_id=2"},"modified":"2025-11-05T19:40:46","modified_gmt":"2025-11-05T18:40:46","slug":"impressum","status":"publish","type":"page","link":"https:\/\/www.aldulfin.de\/index.php\/impressum\/","title":{"rendered":"Impressum"},"content":{"rendered":"[et_pb_section fb_built=&#8220;1&#8243; _builder_version=&#8220;4.27.4&#8243; _module_preset=&#8220;default&#8220; background_color=&#8220;#E6761A&#8220; custom_padding=&#8220;63px||0px|||&#8220; global_colors_info=&#8220;{}&#8220;][et_pb_row column_structure=&#8220;1_4,3_4&#8243; _builder_version=&#8220;4.27.4&#8243; _module_preset=&#8220;default&#8220; height=&#8220;129px&#8220; custom_margin=&#8220;-40px|auto||auto||&#8220; custom_padding=&#8220;0px||0px|||&#8220; link_option_url=&#8220;https:\/\/www.aldulfin.de&#8220; global_colors_info=&#8220;{}&#8220;][et_pb_column type=&#8220;1_4&#8243; _builder_version=&#8220;4.27.4&#8243; _module_preset=&#8220;default&#8220; global_colors_info=&#8220;{}&#8220;][et_pb_image src=&#8220;https:\/\/www.aldulfin.de\/wp-content\/uploads\/2025\/01\/Logo.png&#8220; alt=&#8220;Aldulfin&#8220; title_text=&#8220;Logo&#8220; disabled_on=&#8220;off|off|off&#8220; _builder_version=&#8220;4.27.4&#8243; _module_preset=&#8220;default&#8220; width=&#8220;39%&#8220; max_width=&#8220;74%&#8220; custom_margin=&#8220;||7px|||&#8220; custom_padding=&#8220;||7px|||&#8220; border_color_all=&#8220;#000000&#8243; box_shadow_style=&#8220;preset2&#8243; global_colors_info=&#8220;{}&#8220;][\/et_pb_image][\/et_pb_column][et_pb_column type=&#8220;3_4&#8243; _builder_version=&#8220;4.27.4&#8243; _module_preset=&#8220;default&#8220; custom_padding=&#8220;65px||||false|false&#8220; global_colors_info=&#8220;{}&#8220;][et_pb_text _builder_version=&#8220;4.27.4&#8243; _module_preset=&#8220;default&#8220; text_font_size=&#8220;42px&#8220; width=&#8220;122.9%&#8220; min_height=&#8220;47.8px&#8220; custom_margin=&#8220;-65px||168px|-164px||&#8220; custom_padding=&#8220;24px||58px|||&#8220; text_text_shadow_style=&#8220;preset1&#8243; global_colors_info=&#8220;{}&#8220;]<p style=\"text-align: left;\"><span style=\"color: #ffffff;\"><strong>Aldulfin Software- &amp; Prozessberatung GmbH<\/strong><\/span><\/p>[\/et_pb_text][et_pb_text _builder_version=&#8220;4.27.4&#8243; _module_preset=&#8220;default&#8220; text_font_size=&#8220;20px&#8220; min_height=&#8220;106px&#8220; height=&#8220;100px&#8220; max_height=&#8220;100px&#8220; custom_margin=&#8220;-222px||-221px|-173px||&#8220; custom_padding=&#8220;24px||106px|10px||&#8220; global_colors_info=&#8220;{}&#8220;]<p style=\"text-align: left;\"><span style=\"color: #ffffff;\"><strong>\u00a0SAP-Implementierungen Im Bereich Materialwirtschaft, Logistik und Fertigungsvorbereitung<\/strong><\/span><\/p>[\/et_pb_text][\/et_pb_column][\/et_pb_row][\/et_pb_section][et_pb_section fb_built=&#8220;1&#8243; admin_label=&#8220;Header&#8220; _builder_version=&#8220;4.27.4&#8243; _module_preset=&#8220;_initial&#8220; background_color=&#8220;#565656&#8243; background_enable_image=&#8220;off&#8220; custom_padding=&#8220;54px||0px|||&#8220; collapsed=&#8220;off&#8220; global_colors_info=&#8220;{%22gcid-1f1bf5fb-a99d-4acc-8d9e-ddac074c158c%22:%91%22background_color_gradient_stops%22,%22background_color_gradient_stops%22%93,%22gcid-4c79ba3d-a281-4fb6-9b14-02f9a4c793f2%22:%91%22background_color_gradient_stops%22,%22background_color_gradient_stops%22%93,%22gcid-688c464a-d6f2-4296-b592-395352c71c79%22:%91%22background_color_gradient_stops%22,%22background_color_gradient_stops%22%93,%22gcid-d119accd-44d7-4f2f-b9d7-599c8463324b%22:%91%22background_color_gradient_stops%22,%22background_color_gradient_stops%22%93}&#8220;][et_pb_row _builder_version=&#8220;4.27.4&#8243; _module_preset=&#8220;default&#8220; min_height=&#8220;56px&#8220; height=&#8220;100px&#8220; max_height=&#8220;226px&#8220; custom_margin=&#8220;|auto|-8px|auto||&#8220; custom_padding=&#8220;0px||0px|||&#8220; global_colors_info=&#8220;{}&#8220;][et_pb_column type=&#8220;4_4&#8243; _builder_version=&#8220;4.25.1&#8243; _module_preset=&#8220;_initial&#8220; global_colors_info=&#8220;{}&#8220;][et_pb_heading title=&#8220;Impressum&#8220; _builder_version=&#8220;4.27.4&#8243; _module_preset=&#8220;_initial&#8220; title_level=&#8220;h3&#8243; title_font=&#8220;||||||||&#8220; title_text_align=&#8220;left&#8220; title_text_color=&#8220;#FFFFFF&#8220; title_font_size=&#8220;33px&#8220; title_line_height=&#8220;1.1em&#8220; min_height=&#8220;100px&#8220; height=&#8220;100px&#8220; max_height=&#8220;100px&#8220; custom_margin=&#8220;0px||||false|false&#8220; custom_padding=&#8220;||46px|||&#8220; title_font_size_tablet=&#8220;40px&#8220; title_font_size_phone=&#8220;24px&#8220; title_font_size_last_edited=&#8220;on|desktop&#8220; text_shadow_style=&#8220;preset1&#8243; global_colors_info=&#8220;{}&#8220;][\/et_pb_heading][et_pb_text _builder_version=&#8220;4.27.4&#8243; _module_preset=&#8220;default&#8220; min_height=&#8220;1215.6px&#8220; global_colors_info=&#8220;{}&#8220;]<p><span style=\"color: #ffffff;\">Alle Angaben in unserem Impressum sind gem\u00e4\u00df \u00a7 5 TMG<\/span><\/p>\n<p><span style=\"color: #ffffff;\"><!-- \/divi:paragraph --><!-- divi:paragraph --><\/span><\/p>\n<p><span style=\"color: #ffffff;\"><strong>Administration:<\/strong><\/span><\/p>\n<p><span style=\"color: #ffffff;\"><!-- \/divi:paragraph --><!-- divi:paragraph --><\/span><\/p>\n<p><span style=\"color: #ffffff;\">Aldulfin Software- &amp; Prozessberatung GmbH<\/span><br \/><span style=\"color: #ffffff;\">Colonnaden 5<\/span><br \/><span style=\"color: #ffffff;\">20354 Hamburg<\/span><\/p>\n<p><span style=\"color: #ffffff;\"><!-- \/divi:paragraph --><!-- divi:paragraph --><\/span><\/p>\n<p><span style=\"color: #ffffff;\">Gesch\u00e4ftsf\u00fchrer: Nicolas Fuchsius<\/span><\/p>\n<p><span style=\"color: #ffffff;\"><!-- \/divi:paragraph --><!-- divi:paragraph --><\/span><\/p>\n<p><span style=\"color: #ffffff;\"><strong>Datenschutz:<\/strong><\/span><\/p>\n<p><span style=\"color: #ffffff;\"><!-- \/divi:paragraph --><!-- divi:paragraph --><\/span><\/p>\n<p><span style=\"color: #ffffff;\">Den betrieblichen Datenschutzbeauftragten erreichen Sie per E-Mail unter: <a style=\"color: #ffffff;\">datenschutz@aldulfin.de<\/a><\/span><br \/><span style=\"color: #ffffff;\">Detaillierte Beschreibungen finden Sie auf unserer Seite zum Thema<\/span><span style=\"color: #3366ff;\"> <a href=\"https:\/\/www.aldulfin.de\/index.php\/privacy-policy\/\" data-type=\"page\" data-id=\"3\" style=\"color: #3366ff;\">&#8222;Datenschutz&#8220;<\/a><\/span><\/p>\n<p><span style=\"color: #3366ff;\"><\/span><\/p>\n<p>&nbsp;<\/p>\n<p>&nbsp;<\/p>\n<!-- \/divi:paragraph --><!-- divi:paragraph -->\n<p><span style=\"color: #ffffff;\"><strong>Kontakt:<\/strong><\/span><\/p>\n<p><span style=\"color: #ffffff;\">Telefon: +49 40 333 13 666<\/span><br \/><span style=\"color: #ffffff;\">Telefax: +49 40 333 133 77<\/span><br \/><span style=\"color: #ffffff;\">E-Mail: info<a style=\"color: #ffffff;\">@aldulfin.de<\/a><\/span><\/p>\n<p><span style=\"color: #ffffff;\"><!-- \/divi:paragraph --><!-- divi:paragraph --><\/span><\/p>\n<p><span style=\"color: #ffffff;\"><!-- \/divi:paragraph --><!-- divi:paragraph --><\/span><\/p>\n<p><span style=\"color: #ffffff;\">Sitz der Gesellschaft: Hamburg<\/span><br \/><span style=\"color: #ffffff;\">Amtsgericht: Hamburg <\/span><br \/><span style=\"color: #ffffff;\">HRB 190428\u00a0<\/span><\/p>\n<p><span style=\"color: #ffffff;\"><!-- \/divi:paragraph --><!-- divi:paragraph --><\/span><\/p>\n<p><span style=\"color: #ffffff;\">Verantwortlich f\u00fcr den Inhalt nach \u00a7 55 Abs. 2 RStV ist die Gesch\u00e4ftsf\u00fchrung (s.o.)<\/span><\/p>\n<p><span style=\"color: #ffffff;\"><!-- \/divi:paragraph --><!-- divi:paragraph --><\/span><\/p>\n<p><span style=\"color: #ffffff;\"><strong>Hinweispflicht nach \u00a7 36 VSBG und\u00a0Online-Streitbeilegung gem. Art. 14 Abs. 1 ODR-VO:<\/strong><\/span><br \/><span style=\"color: #ffffff;\">Link zu einer Allgemeinen Verbraucherschlichtungsstelle (nach \u00a7 4 Absatz 2 Satz 2 VSBG) und Link zur Plattform der Europ\u00e4ischen Kommission gem\u00e4\u00df der Verordnung \u00fcber Online-Streitbeilegung in Verbraucherangelegenheiten:<\/span> <span style=\"color: #3366ff;\"><a href=\"https:\/\/ec.europa.eu\/consumers\/odr\/\" style=\"color: #3366ff;\">https:\/\/ec.europa.eu\/consumers\/odr\/<\/a><\/span><\/p>\n<p>\u00a0<span style=\"color: #ffffff; font-size: 14px;\">Zur Teilnahme an einem Streitbeilegungsverfahren vor einer Verbraucherschlichtungsstelle sind wir nicht verpflichtet und nicht bereit.<\/span><\/p>\n<p>&nbsp;<\/p>\n<p><span style=\"color: #ffffff;\"><strong>Umsatzsteuer-ID<\/strong><\/span><br \/><span style=\"color: #ffffff;\">Umsatzsteuer-Identifikationsnummer gem\u00e4\u00df \u00a727 a Umsatzsteuergesetz:\u00a0 60\/701\/01914\u00a0 (FA Hamburg-Oberalster)<\/span><\/p>\n<p><span style=\"color: #ffffff;\"><!-- \/divi:paragraph --><!-- divi:paragraph --><!-- \/divi:paragraph --><!-- divi:paragraph --><\/span><\/p>\n<p><span style=\"color: #ffffff;\"><!-- \/divi:paragraph --><!-- divi:paragraph --><!-- \/divi:paragraph --><!-- divi:paragraph --><\/span><\/p>\n<p id=\"u7722-36\"><span style=\"color: #ffffff;\"><strong>Aufsichtsbeh\u00f6rde<\/strong><\/span><br \/><span style=\"color: #ffffff;\">Handelskammer Hamburg<\/span><br \/><span style=\"color: #ffffff;\">Adolphsplatz 1<\/span><br \/><span style=\"color: #ffffff;\">20457 Hamburg<\/span><br \/><span style=\"color: #3366ff;\"><a href=\"https:\/\/www.hk24.de\/\" style=\"color: #3366ff;\">https:\/\/www.hk24.de\/<\/a><\/span><\/p>\n<p><span style=\"color: #ffffff;\"><strong><br \/>Berufsbezeichnung und berufsrechtliche Regelungen<\/strong><\/span><br \/><span style=\"color: #ffffff;\">Berufsbezeichnung: Unternehmensberatung (Software- und Prozessberatung)<\/span><br \/><span style=\"color: #ffffff;\">Zust\u00e4ndige Kammer: Handelskammer Hamburg<\/span><\/p>\n<p><span style=\"color: #ffffff;\"><!-- \/divi:paragraph --><!-- divi:paragraph --><\/span><\/p>\n<p><span style=\"color: #ffffff;\"><\/span><\/p>\n<p><span style=\"color: #ffffff;\"><\/span><\/p>\n<p><span style=\"color: #ffffff;\"><\/span><\/p>\n<p><span style=\"color: #ffffff;\"><\/span><\/p>\n<p><span style=\"color: #ffffff;\"><\/span><\/p>\n<p><span style=\"color: #ffffff;\"><\/span><\/p>\n<p><span style=\"color: #ffffff;\"><\/span><\/p>\n<p><span style=\"color: #ffffff;\"><\/span><\/p>[\/et_pb_text][\/et_pb_column][\/et_pb_row][\/et_pb_section][et_pb_section fb_built=&#8220;1&#8243; _builder_version=&#8220;4.27.4&#8243; _module_preset=&#8220;default&#8220; background_color=&#8220;#000000&#8243; global_module=&#8220;159&#8243; saved_tabs=&#8220;all&#8220; global_colors_info=&#8220;{}&#8220;][et_pb_row column_structure=&#8220;1_4,1_4,1_4,1_4&#8243; _builder_version=&#8220;4.27.4&#8243; _module_preset=&#8220;default&#8220; global_colors_info=&#8220;{}&#8220;][et_pb_column type=&#8220;1_4&#8243; _builder_version=&#8220;4.27.4&#8243; _module_preset=&#8220;default&#8220; global_colors_info=&#8220;{}&#8220;][et_pb_text _builder_version=&#8220;4.27.4&#8243; _module_preset=&#8220;default&#8220; global_colors_info=&#8220;{}&#8220;]<p><\/p>\n<h2 class=\"wp-block-heading has-text-color has-link-color wp-elements-c085283faab1b65d9c698f5c9e052a40\" style=\"color: #e6761a;\">Kontakt<\/h2>\n<p> <\/p>\n<p style=\"font-size: 18px;\"><span style=\"color: #ffffff;\">Aldulfin Software- &amp; Prozessberatung GmbH<\/span><br \/><span style=\"color: #ffffff;\">Colonnaden 5<\/span><br \/><span style=\"color: #ffffff;\">20354 Hamburg<\/span><\/p>\n<p style=\"font-size: 18px;\"><span style=\"color: #ffffff;\">Tel\u00a0 +49 40 333 13 666<br \/><\/span><span style=\"color: #ffffff;\">F<\/span><span style=\"color: #ffffff;\">ax +49 40 333 133 77<\/span><\/p>\n<p style=\"font-size: 18px;\"><span style=\"color: #ffffff;\"><\/span><\/p>\n<p style=\"font-size: 18px;\"><a href=\"mailto:info@aldulfin.de\" title=\"Schreiben Sie uns gerne eine Mail\"><span style=\"color: #ffffff;\">info@aldulfin.de<\/span><\/a><\/p>\n<p><\/p>[\/et_pb_text][\/et_pb_column][et_pb_column type=&#8220;1_4&#8243; _builder_version=&#8220;4.27.4&#8243; _module_preset=&#8220;default&#8220; global_colors_info=&#8220;{}&#8220;][et_pb_text _builder_version=&#8220;4.27.4&#8243; _module_preset=&#8220;default&#8220; global_colors_info=&#8220;{}&#8220;]<p><\/p>\n<h2 class=\"wp-block-heading has-text-color has-link-color wp-elements-7a85b99d2b27fb777805aa9560117616\" style=\"color: #e6761a;\">News<\/h2>\n<p> <\/p>\n<p style=\"font-size: 18px;\"><span style=\"color: #ffffff;\">Wir ver\u00f6ffentlichen regelm\u00e4\u00dfig die neusten Informationen rund um unser Unternehmen und die laufenden Aktivit\u00e4ten. <\/span><\/p>\n<p style=\"font-size: 18px;\"><span style=\"color: #ffffff;\"><strong><span style=\"text-decoration: underline;\">April 2025:<\/span><\/strong> Teilnahme und gute Gespr\u00e4che auf der <a href=\"https:\/\/www.aircraftinteriorsexpo.com\/\">Aircraft Interiors Expo 2025<\/a> in Hamburg.\u00a0<\/span><\/p>\n<p><\/p>[\/et_pb_text][\/et_pb_column][et_pb_column type=&#8220;1_4&#8243; _builder_version=&#8220;4.27.4&#8243; _module_preset=&#8220;default&#8220; global_colors_info=&#8220;{}&#8220;][et_pb_text _builder_version=&#8220;4.27.4&#8243; _module_preset=&#8220;default&#8220; global_colors_info=&#8220;{}&#8220;]<p><\/p>\n<h2 class=\"wp-block-heading has-text-color has-link-color wp-elements-5ce83baedfaa8535185b13ee910fdbe3\" style=\"color: #e6761a;\">Anfahrt<\/h2>\n<p><\/p>\n<p style=\"font-size: 18px;\"><span style=\"color: #ffffff;\"><a href=\"https:\/\/www.google.de\/maps\/place\/Colonnaden+5,+20354+Hamburg\/@53.5551599,9.9882567,17z\/data=!3m1!4b1!4m5!3m4!1s0x47b18f1906246b25:0xd6a7efda54fea3a6!8m2!3d53.5551599!4d9.9904454?hl=de\" style=\"color: #ffffff;\">Sie finden unsere neuen B\u00fcror\u00e4ume mitten in Hamburg direkt an der Binnenalster:<\/a><\/span><\/p>\n<p><\/p>\n<p><\/p>\n<figure class=\"wp-block-image size-full\"><a href=\"https:\/\/www.google.de\/maps\/place\/Colonnaden+5,+20354+Hamburg\/@53.5551599,9.9882567,17z\/data=!3m1!4b1!4m5!3m4!1s0x47b18f1906246b25:0xd6a7efda54fea3a6!8m2!3d53.5551599!4d9.9904454?hl=de\"><img loading=\"lazy\" decoding=\"async\" width=\"326\" height=\"203\" src=\"https:\/\/www.aldulfin.de\/wp-content\/uploads\/2025\/01\/Location.png\" alt=\"\" class=\"wp-image-68\" srcset=\"https:\/\/www.aldulfin.de\/wp-content\/uploads\/2025\/01\/Location.png 326w, https:\/\/www.aldulfin.de\/wp-content\/uploads\/2025\/01\/Location-300x187.png 300w\" sizes=\"(max-width: 326px) 100vw, 326px\" \/><\/a><\/figure>\n<p><\/p>\n<p>&nbsp;<\/p>\n<p><!-- \/wp:post-content --><\/p>[\/et_pb_text][\/et_pb_column][et_pb_column type=&#8220;1_4&#8243; _builder_version=&#8220;4.27.4&#8243; _module_preset=&#8220;default&#8220; global_colors_info=&#8220;{}&#8220;][et_pb_text _builder_version=&#8220;4.27.4&#8243; _module_preset=&#8220;default&#8220; global_colors_info=&#8220;{}&#8220;]<p><!-- wp:heading {\"style\":{\"color\":{\"text\":\"#e6761a\"},\"elements\":{\"link\":{\"color\":{\"text\":\"#e6761a\"}}}}} --><\/p>\n<h2 class=\"wp-block-heading has-text-color has-link-color\" style=\"color: #e6761a;\">Seiten<\/h2>\n<p><!-- \/wp:heading --> <!-- wp:paragraph {\"style\":{\"typography\":{\"fontSize\":\"18px\"}}} --><\/p>\n<p style=\"font-size: 18px;\"><span style=\"color: #ffffff;\">Nutzen Sie gerne die folgenden Links zu unseren Seiten:<\/span><\/p>\n<p><!-- \/wp:paragraph --> <!-- wp:group {\"layout\":{\"type\":\"constrained\"}} --><\/p>\n<div class=\"wp-block-group\">\n<p><!-- wp:heading {\"textAlign\":\"left\",\"style\":{\"elements\":{\"link\":{\"color\":{\"text\":\"#e6761a\"}}},\"color\":{\"text\":\"#e6761a\"},\"typography\":{\"fontSize\":\"18px\"}}} --><\/p>\n<h2 class=\"wp-block-heading has-text-align-left has-text-color has-link-color\" style=\"color: #e6761a; font-size: 18px;\"><a href=\"https:\/\/www.aldulfin.de\/index.php\/impressum\/\" data-type=\"page\" data-id=\"2\">Impressum<\/a><\/p>\n<p><a href=\"https:\/\/www.aldulfin.de\/index.php\/datenschutzhinweis\/\" data-type=\"page\" data-id=\"3\">Datenschutz<\/a><\/h2>\n<p><!-- \/wp:heading --><\/div>\n<p><!-- \/wp:group --><\/p>[\/et_pb_text][\/et_pb_column][\/et_pb_row][\/et_pb_section]","protected":false},"excerpt":{"rendered":"<p>Aldulfin Software- &amp; Prozessberatung GmbH\u00a0SAP-Implementierungen Im Bereich Materialwirtschaft, Logistik und FertigungsvorbereitungAlle Angaben in unserem Impressum sind gem\u00e4\u00df \u00a7 5 TMG Administration: Aldulfin Software- &amp; Prozessberatung GmbHColonnaden 520354 Hamburg Gesch\u00e4ftsf\u00fchrer: Nicolas Fuchsius Datenschutz: Den betrieblichen Datenschutzbeauftragten erreichen Sie per E-Mail unter: datenschutz@aldulfin.deDetaillierte Beschreibungen finden Sie auf unserer Seite zum Thema &#8222;Datenschutz&#8220; &nbsp; &nbsp; Kontakt: Telefon: +49 [&hellip;]<\/p>\n","protected":false},"author":1,"featured_media":0,"parent":0,"menu_order":0,"comment_status":"closed","ping_status":"closed","template":"page-template-blank.php","meta":{"_et_pb_use_builder":"on","_et_pb_old_content":"<!-- wp:paragraph -->\n<p>Alle Angaben in unserem Impressum sind gem\u00e4\u00df \u00a7 5 TMG<\/p>\n<!-- \/wp:paragraph -->\n\n<!-- wp:paragraph -->\n<p><strong>Administration:<\/strong><\/p>\n<!-- \/wp:paragraph -->\n\n<!-- wp:paragraph -->\n<p>Aldulfin Software- &amp; Prozessberatung i.G.<br>Colonnaden 5<br>20354 Hamburg<\/p>\n<!-- \/wp:paragraph -->\n\n<!-- wp:paragraph -->\n<p>Gesch\u00e4ftsf\u00fchrer: Nicolas Fuchsius<\/p>\n<!-- \/wp:paragraph -->\n\n<!-- wp:paragraph -->\n<p><strong>Datenschutz:<\/strong><\/p>\n<!-- \/wp:paragraph -->\n\n<!-- wp:paragraph -->\n<p>Den betrieblichen Datenschutzbeauftragten erreichen Sie per E-Mail unter: <a>datenschutz@aldulfin.de<\/a><br>Detaillierte Beschreibungen finden Sie auf unserer Seite zum Thema <a href=\"https:\/\/www.aldulfin.de\/index.php\/privacy-policy\/\" data-type=\"page\" data-id=\"3\">\"Datenschutz\"<\/a><\/p>\n<!-- \/wp:paragraph -->\n\n<!-- wp:paragraph -->\n<p><strong>Kontakt:<\/strong><\/p>\n<!-- \/wp:paragraph -->\n\n<!-- wp:paragraph -->\n<p>Telefon: +49 40 333 13666<br>Telefax: +49 40 333 133 77<br>E-Mail: info<a>@aldulfin.de<\/a><\/p>\n<!-- \/wp:paragraph -->\n\n<!-- wp:paragraph -->\n<p>Sitz der Gesellschaft in Gr\u00fcndung: Hamburg<br>Amtsgericht: Hamburg <br>HRB xxx<\/p>\n<!-- \/wp:paragraph -->\n\n<!-- wp:paragraph -->\n<p>Verantwortlich f\u00fcr den Inhalt nach \u00a7 55 Abs. 2 RStV ist die Gesch\u00e4ftsf\u00fchrung (s.o.)<\/p>\n<!-- \/wp:paragraph -->\n\n<!-- wp:paragraph -->\n<p><strong>Hinweispflicht nach \u00a7 36 VSBG und&nbsp;Online-Streitbeilegung gem. Art. 14 Abs. 1 ODR-VO:<\/strong><br>Link zu einer Allgemeinen Verbraucherschlichtungsstelle (nach \u00a7 4 Absatz 2 Satz 2 VSBG) und Link zur Plattform der Europ\u00e4ischen Kommission gem\u00e4\u00df der Verordnung \u00fcber Online-Streitbeilegung in Verbraucherangelegenheiten: https:\/\/ec.europa.eu\/consumers\/odr\/<\/p>\n<!-- \/wp:paragraph -->\n\n<!-- wp:paragraph -->\n<p>Zur Teilnahme an einem Streitbeilegungsverfahren vor einer Verbraucherschlichtungsstelle sind wir nicht verpflichtet und nicht bereit.<\/p>\n<!-- \/wp:paragraph -->\n\n<!-- wp:paragraph -->\n<p><\/p>\n<!-- \/wp:paragraph -->\n\n<!-- wp:paragraph -->\n<p id=\"u7722-30\"><strong>Umsatzsteuer-ID<\/strong><br>Umsatzsteuer-Identifikationsnummer gem\u00e4\u00df \u00a727 a Umsatzsteuergesetz:  [beantragt]  (FA Hamburg-Oberalster)<\/p>\n<!-- \/wp:paragraph -->\n\n<!-- wp:paragraph -->\n<p><\/p>\n<!-- \/wp:paragraph -->\n\n<!-- wp:paragraph -->\n<p id=\"u7722-36\"><strong>Aufsichtsbeh\u00f6rde<\/strong><br>Handelskammer Hamburg<br>Adolphsplatz 1<br>20457 Hamburg<br>https:\/\/www.hk24.de\/<\/p>\n<!-- \/wp:paragraph -->\n\n<!-- wp:paragraph -->\n<p><\/p>\n<!-- \/wp:paragraph -->\n\n<!-- wp:paragraph -->\n<p>Versicherungsvermittler und -berater gem. \u00a7 34d GewO<\/p>\n<!-- \/wp:paragraph -->\n\n<!-- wp:paragraph -->\n<p><strong>Berufsbezeichnung und berufsrechtliche Regelungen<\/strong><br>Berufsbezeichnung:  Unternehmensberatung<br>Zust\u00e4ndige Kammer: Handelskammer Hamburg<\/p>\n<!-- \/wp:paragraph -->","_et_gb_content_width":"","footnotes":""},"class_list":["post-2","page","type-page","status-publish","hentry"],"_links":{"self":[{"href":"https:\/\/www.aldulfin.de\/index.php\/wp-json\/wp\/v2\/pages\/2","targetHints":{"allow":["GET"]}}],"collection":[{"href":"https:\/\/www.aldulfin.de\/index.php\/wp-json\/wp\/v2\/pages"}],"about":[{"href":"https:\/\/www.aldulfin.de\/index.php\/wp-json\/wp\/v2\/types\/page"}],"author":[{"embeddable":true,"href":"https:\/\/www.aldulfin.de\/index.php\/wp-json\/wp\/v2\/users\/1"}],"replies":[{"embeddable":true,"href":"https:\/\/www.aldulfin.de\/index.php\/wp-json\/wp\/v2\/comments?post=2"}],"version-history":[{"count":18,"href":"https:\/\/www.aldulfin.de\/index.php\/wp-json\/wp\/v2\/pages\/2\/revisions"}],"predecessor-version":[{"id":257,"href":"https:\/\/www.aldulfin.de\/index.php\/wp-json\/wp\/v2\/pages\/2\/revisions\/257"}],"wp:attachment":[{"href":"https:\/\/www.aldulfin.de\/index.php\/wp-json\/wp\/v2\/media?parent=2"}],"curies":[{"name":"wp","href":"https:\/\/api.w.org\/{rel}","templated":true}]}}